Let y = -644 + 651. Suppose 3*g - y*g = -v. What is the hundreds digit of g?
1
Suppose 5*l + 11275 = 5*g, 5*g - 6*l = -3*l + 11281. What is the thousands digit of g?
2
Let d = -7499 + 25190. What is the hundreds digit of d?
6
Suppose c - 10349 = -5*s, -2*c = -c + 4*s - 10344. What is the thousands digit of c?
0
Let k(b) = -839*b**3 + 6*b**2 - 2*b - 3. What is the ten thousands digit of k(-3)?
2
Suppose -3*c - 2*j + 66118 = 0, -4*j - 3125 = 3*c - 69235. What is the thousands digit of c?
2
Let y be (1 - 2) + 20*(-4 + 7). Suppose -11*l = -14 - 8. Suppose n = 3*k - y, -87 = -5*k + l*n + 11. What is the tens digit of k?
2
Let x = 87 - 84. Let p(h) = 37 + 5*h - 7*h + x*h. What is the units digit of p(-5)?
2
Let b be (-652)/16*(-48)/6. Suppose -4*u + u - 186 = 3*o, -b = 5*o + u. Let h = -22 - o. What is the tens digit of h?
4
Suppose -29930 + 3694 = -7*r. What is the units digit of r?
8
Suppose 4*h + f - 8257 = 0, 5*f + 17 = 22. What is the units digit of h?
4
Suppose 3*c - 3816 = -5*t, 0*c + 4*c - 2*t - 5114 = 0. Let d = -602 + c. What is the units digit of d?
5
What is the tens digit of 33/(-55)*(56020/(-2))/2?
0
Let p(u) = -u**2 + 9*u - 4. Let c be p(7). Let b(k) = 20*k + c*k + 20*k - 2 + 17*k. What is the tens digit of b(1)?
6
Suppose -2*j - 158 = 18. Let p = 30 - j. Let o = 166 - p. What is the units digit of o?
8
Let k(x) = 2*x**2 + 12*x + 21. Let b be k(-2). Suppose 2*z = 0, -b*n + 885 = -0*n + z. What is the units digit of n?
7
Let f(i) = i**2 + 8*i - 4. Let r be f(-9). Suppose r*x + 620 = -515. Let u = -129 - x. What is the units digit of u?
8
Suppose 2*a = 8, 4*z + 4*a = -z + 31. Let f(x) = -x**2 + 6*x - 4. Let c be f(z). Let m(p) = -p**3 + 6*p**2 + 4*p. What is the tens digit of m(c)?
4
Suppose 25 = -3*h - 5*a, 5*h - 3*a - 4 = 11. Suppose h = 24*v - 786 - 4518. What is the tens digit of v?
2
Let f(o) = o**3 - o**2 - 41*o - 4. Let l be f(7). Suppose x + 175 = 2*x + l*m, 0 = -5*m - 10. What is the units digit of x?
1
Let q(d) = 2*d**2 - 7*d + 3. Let o be q(7). Let s = -19 + o. Let t = s - -2. What is the tens digit of t?
3
Suppose 0 = -4*w - 3*x - 4383, 4*w = -9*x + 4*x - 4377. Let d = 1542 + w. What is the hundreds digit of d?
4
Suppose -12*i = 47*i + 362*i - 12669574. What is the ten thousands digit of i?
3
Suppose -5*y = -2*a + 181, -3*y + 4*a - 5*a = 102. Let r = y + 32. Let u(i) = 4*i**2 + 2*i + 7. What is the units digit of u(r)?
7
Let x be ((-31689)/(-7))/((-24)/(-16)). Let r = -1759 + x. What is the thousands digit of r?
1
Suppose -3351 + 12834 = 3*k. Suppose -4*o + 1575 = 2*t - 7*o, -4*t = 5*o - k. What is the hundreds digit of t?
7
Let b = 482 + -482. Suppose 2*l + 4*u + 647 = 7*l, b = -2*u + 4. What is the tens digit of l?
3
Let l be (-11)/3 - -4 - 3126/9. Let z = -22 - l. What is the tens digit of z?
2
What is the units digit of 18180/270*(91 - 1)?
0
What is the units digit of (12 - 198579)/((-18)/4)?
6
Suppose 0 = 142*g - 45*g - 672598. What is the units digit of g?
4
Let i be 1/4*(-6 - 2). What is the units digit of i + 98/5 + (-66)/(-165)?
8
Let n = 125 + -33. Suppose 1 - n = -2*f - a, a - 45 = -f. What is the tens digit of f?
4
Let k(f) = -10*f**2 + 102*f - 8. Let c(n) = -52*n**2 + 511*n - 42. Let l(m) = 2*c(m) - 11*k(m). What is the hundreds digit of l(24)?
0
Let q = -190 - -192. Suppose -q*b - 761 = -i, -2*i - 55*b + 50*b = -1549. What is the tens digit of i?
6
Let k(n) = -n**3 + 5*n**2 - 4*n + 2. Let d be k(3). Let q be 452/d + (-3)/6. Let w = q - 31. What is the tens digit of w?
2
Let u be 7536/9 + (-4)/3. Suppose q - u = 12*q. What is the tens digit of 2/(q/39 - -2)?
3
Suppose -16*h = -71*h + 1774905. What is the ten thousands digit of h?
3
Let c = 2 - 0. Suppose -5 = -b - c. Suppose 21 + 186 = b*x. What is the units digit of x?
9
What is the hundreds digit of (21 + -10)/(-2 + 593/296)?
2
Suppose 3*h - 29189 = b, -4*h - 6*b + 38944 = -b. What is the tens digit of h?
3
Suppose 0 = -2*w, -2*w = 3*v - 22822 + 7021. What is the hundreds digit of v?
2
Let w = -31 - -32. Let o be (-2 + w)*(-7 + 4). Suppose -4*b = -g + 120, -g - 200 = -o*g - 2*b. What is the tens digit of g?
0
Let u = 15 + -19. Let p be 63/(-18) - ((-6)/u + -1). What is the tens digit of ((-80)/12*1)/(p/60)?
0
Suppose 271*q - 7 = 270*q, -a - 2*q + 17889 = 0. What is the units digit of a?
5
Let v(b) = 108*b**2 + 8*b - 295. What is the ten thousands digit of v(12)?
1
Let c = -17212 - -24829. What is the thousands digit of c?
7
Let d = 60 - 78. Let o be d/8 + (-21)/28 + -18. What is the tens digit of o/28 + (-566)/(-8)?
7
What is the thousands digit of ((-324)/16 - 70/(-56))*193*-3?
1
Suppose -40*v + 38*v - k = -22481, k = 3*v - 33709. What is the units digit of v?
8
Let q = -14241 - -16993. What is the hundreds digit of q?
7
Let f = 488 + -509. Let v = f - -460. What is the units digit of v?
9
Suppose f = -2*h + 64963, 0 = -197*h + 194*h - 2*f + 97440. What is the ten thousands digit of h?
3
Let k be 54/14 + 15/105. Suppose k*w = -4*c + 5872, -7*w = -c - 3*w + 1478. What is the thousands digit of c?
1
Let m be (-1 + -2)*(-8 + 7). Suppose -m*f - 198 = -6*f. What is the units digit of f?
6
Suppose -n = 29*n - 9*n - 87990. What is the hundreds digit of n?
1
Suppose -10*d + 2*s - 189 = -11*d, d - 193 = -3*s. Suppose 2*i - x = -2*i + 629, -i + 5*x = -d. What is the tens digit of i?
5
Let a = 15487 - -19228. What is the units digit of a?
5
Suppose 485623 = 28*p - 63065. What is the tens digit of p?
9
Let a = 10150 - 1887. What is the tens digit of a?
6
Let x be 10/6 + 0 + (-4)/(-12). Suppose -x*b + 781 = -303. What is the hundreds digit of b?
5
Suppose -3*f - 2*d + 14 = 0, f + 4*d = 6*d + 2. Suppose 3*k + f*h - 260 = 0, -6*k - h = -k - 456. What is the tens digit of k?
9
Suppose -1045 = -5*n + 655. Suppose -2*v - 2*r + 764 = -n, -5*v - r + 2780 = 0. What is the tens digit of v?
5
Let p be (1*-9)/(21/(-14)). Suppose -p*f = -13*f - 14. What is the units digit of (182/(-4) + 4)*f?
3
Suppose -1627315 = -344*z + 1948909. What is the thousands digit of z?
0
Let b = 76362 - 41460. What is the units digit of b?
2
Let g(v) = 127*v - 372. What is the thousands digit of g(55)?
6
Suppose 4 + 5 = -3*g. Let d be (10/(-2 + g))/((-4)/46). Suppose 0 = 28*n - d*n - 360. What is the tens digit of n?
7
Let g(m) = 2*m - 7. Let r be g(6). Suppose -2*b + 1082 + 34 = -5*f, -2860 = -r*b - 5*f. What is the tens digit of b?
6
Let q be 2/5 - (-277)/(-5). What is the tens digit of 4*(q/(-20) - 3)*-971?
7
Let l(u) = -3*u**2 - 7*u + 8. Let g be l(-7). Let q = 49 + g. Let s = q - -89. What is the units digit of s?
8
Let l(q) = -251*q**3 - 2*q**2 + 2. Let t(c) = 4*c**2 - 7*c - 7. Let y be t(6). Let p = y + -96. What is the units digit of l(p)?
1
Suppose 5*b - 89178 = 52417. What is the tens digit of b?
1
Let a(m) = 364*m**2 - m. Let w be a(-1). Suppose 0 = 449*u - 461*u - 828. Let f = u + w. What is the tens digit of f?
9
What is the units digit of (-40 + 39)*-11873*(-1 + 2)?
3
Suppose 951400 = 6*q + q + 18*q. What is the tens digit of q?
5
Suppose -3*k + 4 = -5. Suppose -8*a + 661 + 691 = 0. Suppose 0*u - k*u + 326 = 2*t, t - a = -3*u. What is the hundreds digit of t?
1
Let t = 7390 + 20543. What is the hundreds digit of t?
9
Suppose -g = -3*g - 4*z + 18950, 3*z = -g + 9472. What is the thousands digit of g?
9
Let s = -4959 + 4912. Let x = -211 - -381. Let l = x - s. What is the units digit of l?
7
Let b(o) = o**2 - 32*o + 37. Let i be b(20). What is the units digit of (-119741)/i - (-1)/7?
0
Let r be (0 - 2/6)*3 - -6540. Suppose -d + r = 12*d. What is the units digit of d?
3
Suppose 19552 = 816*w - 812*w. What is the thousands digit of w?
4
Suppose -540 = -g + 2*i + 172, 3*g = 2*i + 2152. Suppose -666 = -9*t + g. What is the units digit of t?
4
Suppose 0 = 13*f - 7*f + 1722. Let z = f - -503. What is the tens digit of z?
1
What is the thousands digit of ((-1973)/5)/(217/(-10850))?
9
Suppose 9*x = 53*x. Let d(g) = -g. Let j be d(-2). Suppose x = -j*f + 10 + 26. What is the tens digit of f?
1
Suppose -639*d + 6 = -638*d - 4. Let k(o) = -o**3 + 6*o**2 - 6*o + 5. Let c be k(4). Suppose c*n - 120 = d*n. What is the tens digit of n?
4
Suppose -4*n - 4*j - 5692 = 0, 17*n = 12*n - 3*j - 7113. Let k = 55 - n. What is the units digit of k?
7
Suppose -60*q + 38*q + 73087 = -171245. What is the ten thousan